e the remainder when 36083058 is divided by 9020742.
90
What is the remainder when 185301 is divided by 486?
135
What is the remainder when 996646 is divided by 33221?
16
What is the remainder when 347533 is divided by 763?
368
What is the remainder when 256702863 is divided by 2596?
2595
What is the remainder when 62897764 is divided by 419?
417
What is the remainder when 34141482 is divided by 2581?
14
What is the remainder when 53496775 is divided by 4754?
13
What is the remainder when 1236483 is divided by 11889?
27
What is the remainder when 83029 is divided by 230?
229
Calculate the remainder when 1446277 is divided by 160694.
31
Calculate the remainder when 1097489 is divided by 16884.
29
Calculate the remainder when 5392261 is divided by 1636.
5
Calculate the remainder when 235431 is divided by 1881.
306
Calculate the remainder when 12465 is divided by 5967.
531
Calculate the remainder when 3682053 is divided by 392.
389
Calculate the remainder when 36672162 is divided by 4584018.
18
What is the remainder when 7453128 is divided by 149?
148
What is the remainder when 66877 is divided by 63396?
3481
Calculate the remainder when 3025875 is divided by 4304.
163
Calculate the remainder when 317413211 is divided by 189.
185
What is the remainder when 334703 is divided by 334199?
504
Calculate the remainder when 32702877 is divided by 11.
9
What is the remainder when 219025 is divided by 72999?
28
What is the remainder when 173291129 is divided by 854?
11
Calculate the remainder when 2797403 is divided by 3493.
3003
Calculate the remainder when 22347182 is divided by 32108.
14
Calculate the remainder when 198714 is divided by 198415.
299
Calculate the remainder when 43251886 is divided by 7526.
7490
Calculate the remainder when 1407370 is divided by 149.
65
What is the remainder when 183932421 is divided by 78?
75
Calculate the remainder when 8280043 is divided by 2122.
2121
What is the remainder when 111657 is divided by 11?
7
What is the remainder when 109148801 is divided by 545744?
1
What is the remainder when 158544973 is divided by 6159?
6154
Calculate the remainder when 6145149 is divided by 61.
9
Calculate the remainder when 7895199 is divided by 296.
287
What is the remainder when 1220524 is divided by 2443?
1467
Calculate the remainder when 237049 is divided by 372.
85
Calculate the remainder when 337326 is divided by 37457.
213
What is the remainder when 1205012 is divided by 10745?
1572
Calculate the remainder when 11502 is divided by 114.
102
What is the remainder when 105134 is divided by 47865?
9404
What is the remainder when 3784840 is divided by 123?
7
What is the remainder when 54721726 is divided by 72?
70
What is the remainder when 88801 is divided by 28750?
2551
What is the remainder when 1143642 is divided by 401?
391
Calculate the remainder when 768548 is divided by 1040.
1028
What is the remainder when 1998390 is divided by 1736?
254
What is the remainder when 12656439 is divided by 172?
163
What is the remainder when 5487168 is divided by 109?
108
What is the remainder when 784201 is divided by 71291?
0
What is the remainder when 17731 is divided by 2479?
378
What is the remainder when 13682356 is divided by 118977?
1
What is the remainder when 484160637 is divided by 6505?
6497
Calculate the remainder when 43194 is divided by 786.
750
What is the remainder when 24454776 is divided by 13?
8
Calculate the remainder when 524480 is divided by 58185.
815
Calculate the remainder when 2422141 is divided by 937.
933
Calculate the remainder when 755438 is divided by 44.
2
What is the remainder when 11705152 is divided by 344269?
6
What is the remainder when 1053150 is divided by 3886?
44
What is the remainder when 2178659 is divided by 55?
54
What is the remainder when 145267 is divided by 10?
7
What is the remainder when 13028779 is divided by 2174?
2171
What is the remainder when 46536 is divided by 3863?
180
What is the remainder when 994440 is divided by 8427?
54
What is the remainder when 1561207 is divided by 223026?
25
What is the remainder when 397125833 is divided by 15?
8
Calculate the remainder when 22550684 is divided by 734.
2
What is the remainder when 527897 is divided by 25?
22
What is the remainder when 33592 is divided by 78?
52
What is the remainder when 139543 is divided by 1048?
159
Calculate the remainder when 42717660 is divided by 38.
36
What is the remainder when 3817753 is divided by 65823?
19
What is the remainder when 480463 is divided by 24022?
23
Calculate the remainder when 10578 is divided by 3509.
51
What is the remainder when 233421 is divided by 787?
469
Calculate the remainder when 180229 is divided by 5625.
229
What is the remainder when 94278 is divided by 31107?
957
What is the remainder when 3587010 is divided by 1011?
993
Calculate the remainder when 24186549 is divided by 383913.
30
Calculate the remainder when 3654174 is divided by 277.
267
Calculate the remainder when 52175 is divided by 50578.
1597
What is the remainder when 25344443 is divided by 1530?
1523
What is the remainder when 627570 is divided by 69703?
243
Calculate the remainder when 43085 is divided by 5381.
37
Calculate the remainder when 2524048 is divided by 4249.
142
What is the remainder when 29178 is divided by 2575?
853
What is the remainder when 284702092 is divided by 2899?
2898
What is the remainder when 29433 is divided by 9295?
1548
What is the remainder when 10458728 is divided by 57151?
95
Calculate the remainder when 35704 is divided by 1622.
20
What is the remainder when 665797 is divided by 100?
97
Calculate the remainder when 2286284 is divided by 1143093.
98
What is the remainder when 6143287 is divided by 877606?
45
Calculate the remainder when 6189 is divided by 93.
51
Calculate the remainder when 104471 is divided by 1471.
30
What is the remainder when 28822988 is divided by 2285?
2283
Calculate the remainder when 69056 is divided by 22533.
1457
What is the remainder when 4538594 is divided by 3779?
15
What is the remainder when 2220827 is divided by 138?
131
What is the remainder when 19833811 is divided by 9916899?
13
Calculate the remainder when 172679491 is divided by 107.
2
What is the remainder when 3264901 is divided by 138?
97
What is the remainder when 379327 is divided by 432?
31
Calculate the remainder when 12230613 is divided by 2108.
2105
Calculate the remainder when 965951 is divided by 965942.
9
What is the remainder when 40838656 is divided by 46?
40
Calculate the remainder when 3838793 is divided by 1765.
1683
Calculate the remainder when 1123487 is divided by 314.
309
What is the remainder when 42359763 is divided by 153?
30
Calculate the remainder when 5539098 is divided by 350.
348
What is the remainder when 1015912 is divided by 253969?
36
What is the remainder when 9558 is divided by 2941?
735
What is the remainder when 1309005 is divided by 564?
525
Calculate the remainder when 5920101 is divided by 228.
81
What is the remainder when 6509521 is divided by 125?
21
Calculate the remainder when 82293341 is divided by 151.
2
What is the remainder when 5680706 is divided by 1122?
20
What is the remainder when 1514531 is divided by 52225?
6
What is the remainder when 15839423 is divided by 514?
513
What is the remainder when 772387 is divided by 1274?
343
Calculate the remainder when 134088 is divided by 2596.
1692
What is the remainder when 1788960 is divided by 69?
66
What is the remainder when 373879 is divided by 53380?
219
Calculate the remainder when 1536884 is divided by 1112.
100
What is the remainder when 145954 is divided by 960?
34
Calculate the remainder when 232336 is divided by 1760.
16
What is the remainder when 586197257 is divided by 39?
35
What is the remainder when 108424576 is divided by 78172?
12
Calculate the remainder when 64780013 is divided by 112.
109
Calculate the remainder when 137599 is divided by 27477.
214
Calculate the remainder when 2011508 is divided by 2011480.
28
What is the remainder when 35463 is divided by 25?
13
What is the remainder when 34578 is divided by 34443?
135
Calculate the remainder when 10696542 is divided by 5150.
5142
What is the remainder when 10536508 is divided by 79822?
4
Calculate the remainder when 143973 is divided b